nvert -6006 (base 10) to base 15.
-1ba6
Convert 20d3 (base 15) to base 3.
100112100
203120 (base 4) to base 10
2264
What is 14b2 (base 12) in base 4?
212012
20708 (base 9) to base 10
13697
Convert 322000 (base 5) to base 7.
43464
-838 (base 12) to base 3
-1122022
What is -12014 (base 5) in base 8?
-1564
-563a (base 12) to base 15
-2c6a
-15661 (base 7) to base 15
-14bd
What is -4a (base 12) in base 14?
-42
Convert 13343 (base 5) to base 10.
1098
What is -b95 (base 14) in base 9?
-3121
Convert -1102110 (base 3) to base 16.
-40e
748 (base 10) to base 15
34d
-30223 (base 4) to base 9
-1101
What is 4d94 (base 16) in base 10?
19860
Convert -1131021 (base 4) to base 15.
-1b76
What is 27a7 (base 14) in base 16?
1b5f
What is 120410 (base 7) in base 9?
32825
Convert -2952 (base 12) to base 14.
-1a7c
Convert 11767 (base 8) to base 6.
35355
What is -73275 (base 9) in base 16?
-bcd8
What is 308 (base 12) in base 6?
2012
What is -71a3 (base 13) in base 16?
-3d41
13d (base 14) to base 6
1055
-22336 (base 8) to base 9
-13846
What is -2492 (base 15) in base 7?
-31463
Convert 455 (base 12) to base 9.
782
What is 2414 (base 10) in base 11?
18a5
Convert 12a4 (base 13) to base 15.
bce
Convert 550535 (base 6) to base 5.
2424223
-110101011 (base 2) to base 12
-2b7
Convert 723 (base 12) to base 13.
618
Convert 2775 (base 9) to base 10.
2093
Convert -34366 (base 7) to base 16.
-2242
What is -2218 (base 9) in base 3?
-2020122
Convert 88f (base 16) to base 7.
6250
Convert -101110 (base 3) to base 15.
-13c
Convert -915 (base 11) to base 6.
-5041
Convert 121200 (base 4) to base 5.
23012
What is 101001010 (base 2) in base 9?
406
What is -d422 (base 16) in base 2?
-1101010000100010
-24 (base 12) to base 6
-44
Convert 5441 (base 6) to base 15.
584
Convert -2f3 (base 16) to base 15.
-355
c19 (base 15) to base 7
10641
Convert -21211 (base 4) to base 14.
-31b
Convert 1111202202 (base 3) to base 15.
8c15
What is -3473 (base 12) in base 11?
-4436
Convert -2020 (base 6) to base 5.
-3234
Convert -612 (base 9) to base 10.
-497
Convert 12734 (base 9) to base 8.
20651
-31b (base 12) to base 3
-121212
Convert -32122 (base 4) to base 15.
-417
Convert -254222 (base 6) to base 3.
-1011112012
-1433 (base 5) to base 6
-1043
Convert -12023 (base 5) to base 14.
-476
Convert ed (base 16) to base 7.
456
36202 (base 8) to base 6
155414
What is -122202220 (base 3) in base 4?
-3022131
Convert -50 (base 15) to base 13.
-5a
What is 2671 (base 9) in base 14?
a36
-75a (base 15) to base 11
-127a
Convert 1530 (base 10) to base 11.
1171
1c38 (base 14) to base 7
21001
What is 18016 (base 11) in base 4?
12023122
What is -3151 (base 10) in base 7?
-12121
12233320 (base 4) to base 16
6bf8
-635 (base 7) to base 16
-140
Convert -16078 (base 9) to base 10.
-11006
What is -42217 (base 10) in base 5?
-2322332
-9c0 (base 13) to base 7
-4614
-44014 (base 10) to base 3
-2020101011
-4102114 (base 5) to base 6
-1225045
1100100110100010 (base 2) to base 10
51618
Convert 111a (base 13) to base 15.
a94
What is 3792 (base 11) in base 8?
11515
Convert 225a (base 11) to base 5.
43334
Convert 2114103 (base 5) to base 16.
8ac8
527 (base 11) to base 9
774
9804 (base 11) to base 10
12951
-15170 (base 11) to base 7
-116444
Convert -133221 (base 4) to base 11.
-1581
What is -419 (base 10) in base 5?
-3134
-4838 (base 15) to base 5
-442403
-b27 (base 12) to base 13
-973
What is 33130 (base 4) in base 7?
2611
Convert -6136 (base 8) to base 11.
-2419
Convert 5585 (base 9) to base 15.
1352
What is -323000 (base 4) in base 9?
-5155
13a16 (base 12) to base 14
9d98
-101001101000001 (base 2) to base 9
-32211
Convert 4c2c (base 15) to base 10.
16242
What is -13ce (base 16) in base 10?
-5070
What is -26cb (base 15) in base 12?
-496b
Convert 23123 (base 4) to base 2.
1011011011
9bb (base 15) to base 10
2201
Convert -13c4 (base 15) to base 8.
-10212
4ac3 (base 15) to base 8
37075
Convert -b71b (base 14) to base 16.
-7b5d
Convert 10010001100 (base 2) to base 7.
3252
Convert -1311314 (base 6) to base 10.
-71614
What is 402512 (base 6) in base 16?
7bec
Convert -1321 (base 9) to base 7.
-2614
3319 (base 10) to base 5
101234
-35908 (base 11) to base 3
-2121212220
Convert 1796 (base 14) to base 5.
113443
1221222 (base 4) to base 10
6762
7649 (base 12) to base 11
9864
230400 (base 6) to base 12
b400
What is -122100221 (base 3) in base 15?
-3b41
What is -15753 (base 9) in base 10?
-10821
Convert 5 (base 8) to base 14.
5
What is 383 (base 10) in base 9?
465
Convert 162 (base 11) to base 14.
d7
What is 543 (base 8) in base 12?
257
What is -46302 (base 7) in base 13?
-54b7
1167 (base 8) to base 16
277
1834a (base 11) to base 10
25706
Convert -a14 (base 15) to base 16.
-8dd
What is 102002 (base 6) in base 16?
2012
Convert 6307 (base 8) to base 16.
cc7
Convert 12000002 (base 3) to base 16.
e3f
Convert -68a (base 12) to base 11.
-802
What is -3e70 (base 16) in base 8?
-37160
What is b1 (base 12) in base 9?
157
What is -10014 (base 6) in base 5?
-20211
What is 57b (base 16) in base 7?
4043
Convert 10110111111 (base 2) to base 9.
2014
What is 6109 (base 11) in base 5?
224431
Convert -674 (base 14) to base 11.
-a62
Convert 7259 (base 11) to base 15.
2cb8
124 (base 16) to base 15
147
What is 754 (base 11) in base 7?
2433
What is -221 (base 4) in base 8?
-51
What is -1100 (base 2) in base 6?
-20
What is 1065 (base 10) in base 12?
749
What is 73b (base 13) in base 9?
1620
1218 (base 9) to base 7
2435
What is -236024 (base 7) in base 13?
-166a6
Convert -7217 (base 12) to base 14.
-473d
Convert -295 (base 12) to base 6.
-1505
-1200000222 (base 3) to base 11
-22737
Convert -101000000000 (base 2) to base 12.
-1594
What is 75a2 (base 12) in base 14?
4a02
-27017 (base 10) to base 5
-1331032
-1194 (base 10) to base 12
-836
Convert -14e (base 15) to base 14.
-175
What is -11100101011011 (base 2) in base 10?
-14683
11a (base 13) to base 4
3000
-111101010 (base 2) to base 10
-490
What is -c83 (base 13) in base 5?
-32020
What is 1663 (base 9) in base 4?
103320
Convert 7b6 (base 14) to base 4.
113330
What is 110100010 (base 2) in base 3?
120111
What is 4c (base 15) in base 3?
2200
What is 1807 (base 11) in base 10?
2306
What is -1010 (base 12) in base 3?
-2101110
What is 199 (base 13) in base 14?
171
a232 (base 14) to base 3
1102020110
What is 3002 (base 5) in base 13?
230
What is 1333 (base 6) in base 2?
101011001
Convert 22001 (base 7) to base 2.
1010101110001
-1768 (base 12) to base 5
-42231
11010100 (base 2) to base 7
422
-4027 (base 10) to base 16
-fbb
-31058 (base 9) to base 13
-9413
What is -10011011100101 (base 2) in base 11?
-7532
Convert -15014 (base 7) to base 12.
-247b
Convert 53327 (base 9) to base 3.
1210100221
Convert 20201 (base 4) to base 12.
395
Convert 14760 (base 8) to base 13.
303a
What is -7a6 (base 11) in base 2?
-1111000011
120 (base 13) to base 15
d0
What is -13320 (base 4) in base 13?
-2ca
What is 1a65 (base 12) in base 2?
110010101101
What is -1000100111 (base 2) in base 3?
-202102
Convert 2144 (base 7) to base 5.
11032
What is -1128 (base 10) in base 11?
-936
What is 35151 (base 6) in base 5?
130120
-100010010011010 (base 2) to base 5
-1030222
What is -3612 (base 9) in base 4?
-221330
Convert 7476 (base 10) to base 6.
54340
What is 4298 (base 11) in base 16?
1629
-15b6 (base 13) to base 10
-3191
Convert a621 (base 11) to base 5.
422214
Convert 13124 (base 6) to base 3.
2201221
Convert -323042 (base 5) to base 10.
-11022
What is 2201021 (base 3) in base 6?
13054
What is 22064 (base 7) in base 12?
3252
db0 (base 15) to base 8
6022
Convert 1011102 (base 3) to base 7.
2321
What is 1000000 (base 2) in base 3?
2101
Convert 264 (base 9) to base 2.
11011100
What is 1672 (base 10) in base 4?
122020
Convert -367 (base 8) to base 6.
-1051
What is -1010101111110101 (base 2) in base 5?
-2402041
What is 13031 (base 5) in base 10?
1016
5159 (base 14) to base 10
13995
What is -1cba (base 14) in base 4?
-1102030
What is -634 (base 9) in base 11?
-430
-3e9 (base 15) to base 9
-1203
e891 (base 15) to base 14
13cd4
What is 1011111110001 (base 2) in base 15?
1c39
-429 (base 11) to base 14
-28b
Convert -b38d (base 15) to base 12.
-19b51
What is -842 (base 14) in base 13?
-981
Convert 25 (base 16) to base 11.
34
What is 7572 (base 8) in base 6?
30202
What is -195